 0*d - 3*r + 9, 0 = -d + 4*r - 10. Let h be 7 - (-4)/6*d. Let p be 4*(h + 2 - 4)*5. What is the highest common factor of p and 10?
10
Let m = -506 + 511. Suppose 880 = z + 4*l, -5*z + m*l = 2*l - 4285. Calculate the greatest common divisor of 20 and z.
20
Let z be ((-20)/35)/((-11)/(-10626)*-3). What is the greatest common factor of 24 and z?
8
Suppose 0 = 104*s - 116*s - 48. Let o(x) = -2*x**3 - 12*x**2 - 21*x - 5. Let q be o(s). Calculate the greatest common factor of 1545 and q.
15
Suppose 0 = 26*l - 28*l + 6. Suppose 2*h - 5*v = 4*h - 278, h - l*v = 150. Calculate the greatest common factor of 16 and h.
16
Suppose -12*x = -29*x - 79*x + 1248. Calculate the greatest common factor of x and 3133.
13
Suppose 13*x - 39 = 0, 0 = 4*k - x + 25 - 158. Let q be (-238)/(-5)*5/1. Calculate the highest common divisor of k and q.
34
Let x = 3 + 37. Suppose -7704*o + 7703*o + n = -59, 3*o - n = 159. What is the highest common divisor of x and o?
10
Let f(y) = -5*y**2 - y + 8. Let b be f(-6). Let o = b - -98. Let u = o + 131. What is the greatest common divisor of u and 7?
7
Let g = 5 - 7. Let b be g*(15/6 - 3). Let j be 6/4 - (22 + 632/(-16)). What is the greatest common divisor of j and b?
1
Suppose 0 = -65*j + 61*j - h + 1170, 4*j - 1178 = -5*h. Calculate the greatest common factor of 4 and j.
4
Let t be (18/(-14)*4/(-6))/((-189)/(-3528)). Let o(g) = 543*g**2 + 2*g - 1. Let q be o(1). Calculate the highest common factor of q and t.
16
Let g(y) = -4*y**2 - 6*y**2 - 3*y + 11*y**2 + 164 - 2*y. Let r be g(-21). What is the highest common factor of 10 and r?
10
Let o(q) = 2*q + q + 2*q + 807 - 543 - 2*q. Let g be o(-32). What is the highest common divisor of g and 105?
21
Let b be 37/(-7) - (-4)/14. Let y be (2 + (-33)/(-6))*(313 - b). Let l be ((-1)/2)/(y/(-1190) + 2). What is the highest common factor of 17 and l?
17
Let u(p) = 2*p**2 - 100*p + 840. Let y be u(40). Calculate the highest common divisor of 5560 and y.
40
Suppose -5403*m = -5492*m + 49840. What is the highest common factor of 1540 and m?
140
Suppose 2*z - 11136 = -2*v + 6*z, -5*v + 4*z + 27822 = 0. What is the greatest common factor of v and 144?
18
Let j(h) = -2*h**2 + 64*h + 32. Let r be j(32). What is the greatest common factor of 2 and r?
2
Let o = -4988 - -6548. Calculate the highest common factor of o and 180.
60
Let u(v) = -v**2 + 15*v - 21. Let h be u(5). Let p be 0 + 576 + 2 - -2. Suppose 11*o = 7*o + p. What is the greatest common divisor of o and h?
29
Suppose -2*k + 4*k + 3*v + 402 = 0, 5*k + 979 = -v. Let c = k - -325. Let q = 5 + 21. What is the highest common divisor of q and c?
26
Suppose 3*c - 8*c = -h + 34, 4*c + h + 20 = 0. Let n be ((-3)/(-24)*c)/(1/(-28)). Let o be (2 + 40)*(-10)/(-4). What is the highest common divisor of o and n?
21
Suppose 16*f + 2808 = 8792. Calculate the greatest common divisor of f and 44.
22
Let i = 39 + -91. Let v = 82 + i. Suppose -28*n + v*n = 270. What is the highest common divisor of n and 27?
27
Let m(s) = 61*s + 853. Let f be m(-11). What is the greatest common factor of f and 350?
14
Let g(y) = 151*y**2 - 51*y - 6. Let k be g(-2). Calculate the greatest common factor of 560 and k.
140
Let g be 2342 - 2/(-12)*(-972)/27. Calculate the highest common divisor of 73 and g.
73
Let x(z) = -15*z - 130. Let u be x(-11). Calculate the greatest common factor of u and 805.
35
Suppose -4*l - 182 = -2*k, 2*k + 3*l = 4*k - 184. Let g be k/4 + (-20)/(-80). Suppose -3*s + 0*s + g = 0. What is the greatest common factor of 56 and s?
8
Let s be (1197/18)/19*(-1 + 3). Let a(g) = 70*g + 112. Let t be a(s). What is the greatest common factor of t and 43?
43
Suppose 2026 = 429*t - 426*t - 4529. Calculate the highest common divisor of t and 114.
19
Let y(c) = 5*c + 118. Let v be y(-23). Let o(t) = t**2 - 2*t + 4. Let u be o(5). Suppose 28 = r + u. What is the greatest common factor of v and r?
3
Suppose -19*d = 5*d + 1115 - 11699. What is the greatest common factor of 243 and d?
9
Let m(k) = -57*k + 57. Let b be m(9). Let y = b + 489. What is the greatest common divisor of y and 22?
11
Let r be (-8)/20*670*-17. What is the greatest common divisor of r and 204?
68
Let q = -339 - -152. Let o = 226 + q. Calculate the greatest common factor of o and 6.
3
Let u = -419 - -375. Let i = u + 204. Calculate the highest common factor of 10 and i.
10
Suppose -36 = -2*r - z, -r - 4*z + 15 = -3*z. What is the highest common factor of r and 2310?
21
Suppose 5*p - 251 = -3*c + 1991, -3774 = -5*c + p. What is the greatest common divisor of 468 and c?
26
Let t be -11 + 4 - -9 - -777. Let j = t - 515. What is the greatest common factor of j and 12?
12
Let w be -17 - 69707/(3 + -14). Calculate the highest common divisor of 80 and w.
80
Let l be (58 - 4) + (1 - 13). What is the highest common factor of 357 and l?
21
Suppose 11*o - 215 = 115. Let d = -38 + 228. Calculate the highest common divisor of o and d.
10
Let z(y) = -2*y - 9. Let c be z(-7). Let o = 1009 - 769. Suppose c*r = r + o. Calculate the greatest common factor of r and 36.
12
Suppose 4*p - 2058 = 2*p - 4*x, -3*x = 4*p - 4131. Calculate the greatest common factor of 135 and p.
45
Let z = -27 + 571. What is the highest common divisor of 1768 and z?
136
Let o = -36929 - -37154. What is the highest common factor of o and 11?
1
Let y = -1 - 5. Let i(x) = 2*x**2 + 7*x + 3. Let l be i(y). Let n = -7834 - -7837. Calculate the highest common divisor of n and l.
3
Let h(m) = 6*m + 14. Let r be h(6). Let s = -1003 - -1453. What is the highest common divisor of r and s?
50
Let x(i) = -i**3 - 10*i**2 - 9*i + 10. Let b be x(-9). Let s = -10 - -50. Suppose -7*y = -3*y - s. Calculate the highest common factor of b and y.
10
Suppose -97 = -9*p - 7. Suppose -p*m = -12*m - 4, 5*a - 2*m = 14. Suppose -20 = -4*s - 2*v, -3*s + v = s - 26. What is the highest common factor of a and s?
2
Let m(z) = -z**2 + 2*z + 43. Let h be m(8). Let v be (-360)/5 - (h - -2). Let x = 30 - v. Calculate the greatest common factor of 9 and x.
9
Let k(g) = -1080*g - 30. Let f be k(-1). Let r = f + 102. What is the highest common factor of 18 and r?
18
Suppose 5*p - 171 = -l, -33 + 39 = l. Suppose -5*m = -w + 8, 2*m - m - 38 = -w. Calculate the highest common factor of p and w.
33
Let k be 14042/295 + (-4)/(-10). Calculate the greatest common factor of 3072 and k.
48
Let l(p) = -p**2 - 21*p - 6. Let x be l(-9). Let k = x - 78. Calculate the highest common divisor of 108 and k.
12
Suppose -5*c + 6393 = -3*x, -13 + 22 = x. Calculate the highest common factor of 216 and c.
12
Let b = -21 + -13. Suppose 4*y = -16, -2*c + 6*c = 3*y - 320. Let g = b - c. Calculate the greatest common divisor of 7 and g.
7
Let w(n) = -n**3 - 14*n**2 - 40*n + 6. Let g be w(-10). Suppose -b + 30 = -5*h, 3*b - 112 = -g*h + 10*h. What is the highest common divisor of b and 320?
40
Let p be ((-272)/6)/((-3)/45). Let l be 12/3 - 19*(-16)/4. What is the greatest common divisor of p and l?
40
Suppose 43 + 389 = 4*y. Let i be (-2745)/122*(-60)/50. What is the greatest common factor of i and y?
27
Suppose 152*i = 155*i - 2109. What is the highest common divisor of 296 and i?
37
Let q = 16 - -2. Let n = -9365 - -9395. What is the greatest common factor of q and n?
6
Let i be 354/10 + (-14)/(-105)*-3. Suppose 0 = 5*q - 50 + i. Suppose -q*m + 8*m + 5*p = 255, 4*m - 189 = p. What is the highest common divisor of m and 6?
6
Let t be (-6)/(-45) - 17260/75. Let w = -216 - t. Let u(q) = q**3 + 9*q**2 + 9*q + 12. Let d be u(-8). Calculate the greatest common divisor of d and w.
2
Suppose 14*u = 23*u - 441. Suppose -5*c + x = -161, -77 = -4*c - 2*x + u. Calculate the greatest common divisor of c and 2.
2
Suppose 370 = 23*r + 2. Let l be (19 - r)/(12/184). Calculate the greatest common factor of 207 and l.
23
Suppose -420*t + 2*y = -422*t + 578, 875 = 3*t - y. What is the greatest common factor of t and 3104?
97
Suppose 116*r + 5019 = -66*r + 53067. Calculate the greatest common factor of 32 and r.
8
Suppose -20 = 4*x - x + 4*b, -2*x - 5*b = 25. Suppose -28 = -d - x*d. Let h be 3/(15/10) - -2. What is the greatest common divisor of h and d?
4
Let j(a) = 3*a - 1. Let k be j(5). Let x(u) = u**2 + 16*u + 20. Let f = -29 - -11. Let r be x(f). Calculate the highest common divisor of k and r.
14
Suppose 0 = -